{"id":23,"date":"2019-02-18T14:29:18","date_gmt":"2019-02-18T14:29:18","guid":{"rendered":"https:\/\/plueba.vorschau.visc-media.de\/?page_id=23"},"modified":"2019-02-18T18:23:11","modified_gmt":"2019-02-18T16:23:11","slug":"startseite","status":"publish","type":"page","link":"https:\/\/plueba.de\/","title":{"rendered":"Startseite"},"content":{"rendered":"<h2>Die Arbeitswelt im Umbruch<\/h2>\n<p>Pl\u00fcBa Personalservice GmbH greift auf jahrelange Erfahrungen zur\u00fcck. In der heutigen Arbeitswelt von unsch\u00e4tzbarem Wert.<br \/>\nUnser Wissen setzen wir branchenorientiert ein, sodass wir die Auftraggeber im Handwerk, Industrie und kaufm\u00e4nnischen Bereich mit fachlich qualifiziertem Personal unterst\u00fctzen k\u00f6nnen.<\/p>\n<div class=\"spacer\"><\/div>\n<h2>Unser Anspruch !<\/h2>\n<p>Qualifiziertes Personal !<\/p>\n<p>Qualifikationen, Fachkenntnisse, Teamf\u00e4higkeit und Auffassungsgabe werden von unseren internen Mitarbeitern in pers\u00f6nlichen Gespr\u00e4chen ausgearbeitet, sodass wir das neue Teammitglied dem richtigen Auftraggeber zuordnen k\u00f6nnen.<\/p>\n<h2>Qualifikationen, Erfahrungen, Spezialkenntnisse?<br \/>\nSagen Sie uns Ihre W\u00fcnsche!<\/h2>\n<p>Nach einer Profilerstellung durch uns, haben wir genau den richtigen Mitarbeiter f\u00fcr Sie.<\/p>\n<h2>Ohne Risiko f\u00fcr Sie<\/h2>\n<p>Durch die Festeinstellung bei Pl\u00fcBa entfallen f\u00fcr Sie die Personalverwaltungskosten, Sozialabgaben und die Kosten bei Krankheit, Urlaub und Feiertagen, da Sie nur die rein geleisteten Arbeitsstunden des Mitarbeiters in Rechnung gestellt bekommen.<\/p>\n<div class=\"spacer\"><\/div>\n<p>Pl\u00fcBa Personalservice GmbH<\/p>\n","protected":false},"excerpt":{"rendered":"<p>Die Arbeitswelt im Umbruch Pl\u00fcBa Personalservice GmbH greift auf jahrelange Erfahrungen zur\u00fcck. In der heutigen Arbeitswelt von unsch\u00e4tzbarem Wert. Unser Wissen setzen wir branchenorientiert ein, sodass wir die Auftraggeber im Handwerk, Industrie und kaufm\u00e4nnischen Bereich mit fachlich qualifiziertem Personal unterst\u00fctzen k\u00f6nnen. Unser Anspruch ! Qualifiziertes Personal ! Qualifikationen, Fachkenntnisse, Teamf\u00e4higkeit und Auffassungsgabe werden von unseren [&hellip;]<\/p>\n","protected":false},"author":1,"featured_media":36,"parent":0,"menu_order":0,"comment_status":"closed","ping_status":"closed","template":"","meta":{"footnotes":""},"_links":{"self":[{"href":"https:\/\/plueba.de\/index.php\/wp-json\/wp\/v2\/pages\/23"}],"collection":[{"href":"https:\/\/plueba.de\/index.php\/wp-json\/wp\/v2\/pages"}],"about":[{"href":"https:\/\/plueba.de\/index.php\/wp-json\/wp\/v2\/types\/page"}],"author":[{"embeddable":true,"href":"https:\/\/plueba.de\/index.php\/wp-json\/wp\/v2\/users\/1"}],"replies":[{"embeddable":true,"href":"https:\/\/plueba.de\/index.php\/wp-json\/wp\/v2\/comments?post=23"}],"version-history":[{"count":2,"href":"https:\/\/plueba.de\/index.php\/wp-json\/wp\/v2\/pages\/23\/revisions"}],"predecessor-version":[{"id":30,"href":"https:\/\/plueba.de\/index.php\/wp-json\/wp\/v2\/pages\/23\/revisions\/30"}],"wp:featuredmedia":[{"embeddable":true,"href":"https:\/\/plueba.de\/index.php\/wp-json\/wp\/v2\/media\/36"}],"wp:attachment":[{"href":"https:\/\/plueba.de\/index.php\/wp-json\/wp\/v2\/media?parent=23"}],"curies":[{"name":"wp","href":"https:\/\/api.w.org\/{rel}","templated":true}]}}